{"id":747,"date":"2022-07-04T11:50:41","date_gmt":"2022-07-04T11:50:41","guid":{"rendered":"https:\/\/eager-hugle.46-229-45-18.plesk.page\/?page_id=747"},"modified":"2023-02-08T09:13:43","modified_gmt":"2023-02-08T09:13:43","slug":"angebot","status":"publish","type":"page","link":"https:\/\/susanne-ruppert.de\/index.php\/angebot\/","title":{"rendered":"Angebot"},"content":{"rendered":"<div class=\"gb-container gb-container-cdbaec7c box-shadow\"><div class=\"gb-inside-container\">\n<div class=\"gb-container gb-container-6dd0d3b8\"><div class=\"gb-inside-container\">\n\n<h3 class=\"gb-headline gb-headline-9df25ed2 gb-headline-text\">Angebot<\/h3>\n\n<\/div><\/div>\n\n<div class=\"gb-container gb-container-a78c53ce\"><div class=\"gb-inside-container\">\n<div class=\"gb-container gb-container-a681b2a3\"><div class=\"gb-inside-container\">\n<div class=\"gb-container gb-container-aecb91ca\"><div class=\"gb-inside-container\">\n\n<ul class=\"wp-block-list\">\n<li><strong>F\u00fcr Erwachsene:<\/strong> Verhaltenstherapie als Einzel- und Gruppentherapie<\/li>\n\n\n\n<li><strong>Supervision<\/strong> im Einzel und in der Gruppe<\/li>\n\n\n\n<li><strong>Ausbildungssupervision<\/strong> f\u00fcr Psychologische Psychotherapie und Kinder- und Jugendlichen-Psychotherapie (u.a. ZAP Bad Salzuflen, dgvt, BIPP Bielefeld)<\/li>\n<\/ul>\n\n<\/div><\/div>\n\n<div class=\"gb-container gb-container-05c290b9\"><div class=\"gb-inside-container\">\n\n<p class=\"gb-headline gb-headline-f19aca49 gb-headline-text\"><strong>Die Angebote der Praxis umfassen<\/strong>:<\/p>\n\n<\/div><\/div>\n\n<div class=\"gb-container gb-container-c7bcc2d7\"><div class=\"gb-inside-container\">\n\n<p class=\"gb-headline gb-headline-76061f83 gb-headline-text\">Die gesetzlichen Krankenkassen \u00fcbernehmen die Kosten f\u00fcr eine Psychotherapie, wenn eine psychische Erkrankung vorliegt und die Behandlung notwendig und erfolgversprechend ist. Die meisten Privatversicherungen \u00fcbernehmen je nach Leistungsvereinbarung die Kosten f\u00fcr die Psychotherapie \u2013 diese richten sich nach der jeweils aktuellen Geb\u00fchrenordnung f\u00fcr Psychotherapie (GOP). Die Kosten f\u00fcr Supervision und SelbstzahlerInnen werden im Einzelfall vereinbart und richten sich i.d.R. nach den g\u00e4ngigen Geb\u00fchren-regeln der Ausbildungsinstitute bzw. der aktuellen Geb\u00fchrenordnung f\u00fcr Psychotherapie (GOP).<\/p>\n\n<\/div><\/div>\n<\/div><\/div>\n<\/div><\/div>\n<\/div><\/div>","protected":false},"excerpt":{"rendered":"<p>Angebot Die Angebote der Praxis umfassen: Die gesetzlichen Krankenkassen \u00fcbernehmen die Kosten f\u00fcr eine Psychotherapie, wenn eine psychische Erkrankung vorliegt und die Behandlung notwendig und erfolgversprechend ist. Die meisten Privatversicherungen \u00fcbernehmen je nach Leistungsvereinbarung die Kosten f\u00fcr die Psychotherapie \u2013 diese richten sich nach der jeweils aktuellen Geb\u00fchrenordnung f\u00fcr Psychotherapie (GOP). Die Kosten f\u00fcr Supervision &#8230; <a title=\"Angebot\" class=\"read-more\" href=\"https:\/\/susanne-ruppert.de\/index.php\/angebot\/\" aria-label=\"Mehr Informationen \u00fcber Angebot\">Weiterlesen<\/a><\/p>\n","protected":false},"author":1,"featured_media":0,"parent":0,"menu_order":2,"comment_status":"closed","ping_status":"closed","template":"","meta":{"footnotes":""},"class_list":["post-747","page","type-page","status-publish"],"yoast_head":"<!-- This site is optimized with the Yoast SEO plugin v23.5 - https:\/\/yoast.com\/wordpress\/plugins\/seo\/ -->\n<title>Angebot - Dipl. Psychologin Ruppert<\/title>\n<meta name=\"robots\" content=\"index, follow, max-snippet:-1, max-image-preview:large, max-video-preview:-1\" \/>\n<link rel=\"canonical\" href=\"https:\/\/susanne-ruppert.de\/index.php\/angebot\/\" \/>\n<meta property=\"og:locale\" content=\"de_DE\" \/>\n<meta property=\"og:type\" content=\"article\" \/>\n<meta property=\"og:title\" content=\"Angebot - Dipl. Psychologin Ruppert\" \/>\n<meta property=\"og:description\" content=\"Angebot Die Angebote der Praxis umfassen: Die gesetzlichen Krankenkassen \u00fcbernehmen die Kosten f\u00fcr eine Psychotherapie, wenn eine psychische Erkrankung vorliegt und die Behandlung notwendig und erfolgversprechend ist. Die meisten Privatversicherungen \u00fcbernehmen je nach Leistungsvereinbarung die Kosten f\u00fcr die Psychotherapie \u2013 diese richten sich nach der jeweils aktuellen Geb\u00fchrenordnung f\u00fcr Psychotherapie (GOP). Die Kosten f\u00fcr Supervision ... Weiterlesen\" \/>\n<meta property=\"og:url\" content=\"https:\/\/susanne-ruppert.de\/index.php\/angebot\/\" \/>\n<meta property=\"og:site_name\" content=\"Dipl. Psychologin Ruppert\" \/>\n<meta property=\"article:modified_time\" content=\"2023-02-08T09:13:43+00:00\" \/>\n<meta name=\"twitter:card\" content=\"summary_large_image\" \/>\n<meta name=\"twitter:label1\" content=\"Gesch\u00e4tzte Lesezeit\" \/>\n\t<meta name=\"twitter:data1\" content=\"1\u00a0Minute\" \/>\n<script type=\"application\/ld+json\" class=\"yoast-schema-graph\">{\"@context\":\"https:\/\/schema.org\",\"@graph\":[{\"@type\":\"WebPage\",\"@id\":\"https:\/\/susanne-ruppert.de\/index.php\/angebot\/\",\"url\":\"https:\/\/susanne-ruppert.de\/index.php\/angebot\/\",\"name\":\"Angebot - Dipl. Psychologin Ruppert\",\"isPartOf\":{\"@id\":\"https:\/\/susanne-ruppert.de\/#website\"},\"datePublished\":\"2022-07-04T11:50:41+00:00\",\"dateModified\":\"2023-02-08T09:13:43+00:00\",\"breadcrumb\":{\"@id\":\"https:\/\/susanne-ruppert.de\/index.php\/angebot\/#breadcrumb\"},\"inLanguage\":\"de\",\"potentialAction\":[{\"@type\":\"ReadAction\",\"target\":[\"https:\/\/susanne-ruppert.de\/index.php\/angebot\/\"]}]},{\"@type\":\"BreadcrumbList\",\"@id\":\"https:\/\/susanne-ruppert.de\/index.php\/angebot\/#breadcrumb\",\"itemListElement\":[{\"@type\":\"ListItem\",\"position\":1,\"name\":\"Startseite\",\"item\":\"https:\/\/susanne-ruppert.de\/\"},{\"@type\":\"ListItem\",\"position\":2,\"name\":\"Angebot\"}]},{\"@type\":\"WebSite\",\"@id\":\"https:\/\/susanne-ruppert.de\/#website\",\"url\":\"https:\/\/susanne-ruppert.de\/\",\"name\":\"Dipl. Psychologin Ruppert\",\"description\":\"Just another WordPress site\",\"potentialAction\":[{\"@type\":\"SearchAction\",\"target\":{\"@type\":\"EntryPoint\",\"urlTemplate\":\"https:\/\/susanne-ruppert.de\/?s={search_term_string}\"},\"query-input\":{\"@type\":\"PropertyValueSpecification\",\"valueRequired\":true,\"valueName\":\"search_term_string\"}}],\"inLanguage\":\"de\"}]}<\/script>\n<!-- \/ Yoast SEO plugin. -->","yoast_head_json":{"title":"Angebot - Dipl. Psychologin Ruppert","robots":{"index":"index","follow":"follow","max-snippet":"max-snippet:-1","max-image-preview":"max-image-preview:large","max-video-preview":"max-video-preview:-1"},"canonical":"https:\/\/susanne-ruppert.de\/index.php\/angebot\/","og_locale":"de_DE","og_type":"article","og_title":"Angebot - Dipl. Psychologin Ruppert","og_description":"Angebot Die Angebote der Praxis umfassen: Die gesetzlichen Krankenkassen \u00fcbernehmen die Kosten f\u00fcr eine Psychotherapie, wenn eine psychische Erkrankung vorliegt und die Behandlung notwendig und erfolgversprechend ist. Die meisten Privatversicherungen \u00fcbernehmen je nach Leistungsvereinbarung die Kosten f\u00fcr die Psychotherapie \u2013 diese richten sich nach der jeweils aktuellen Geb\u00fchrenordnung f\u00fcr Psychotherapie (GOP). Die Kosten f\u00fcr Supervision ... Weiterlesen","og_url":"https:\/\/susanne-ruppert.de\/index.php\/angebot\/","og_site_name":"Dipl. Psychologin Ruppert","article_modified_time":"2023-02-08T09:13:43+00:00","twitter_card":"summary_large_image","twitter_misc":{"Gesch\u00e4tzte Lesezeit":"1\u00a0Minute"},"schema":{"@context":"https:\/\/schema.org","@graph":[{"@type":"WebPage","@id":"https:\/\/susanne-ruppert.de\/index.php\/angebot\/","url":"https:\/\/susanne-ruppert.de\/index.php\/angebot\/","name":"Angebot - Dipl. Psychologin Ruppert","isPartOf":{"@id":"https:\/\/susanne-ruppert.de\/#website"},"datePublished":"2022-07-04T11:50:41+00:00","dateModified":"2023-02-08T09:13:43+00:00","breadcrumb":{"@id":"https:\/\/susanne-ruppert.de\/index.php\/angebot\/#breadcrumb"},"inLanguage":"de","potentialAction":[{"@type":"ReadAction","target":["https:\/\/susanne-ruppert.de\/index.php\/angebot\/"]}]},{"@type":"BreadcrumbList","@id":"https:\/\/susanne-ruppert.de\/index.php\/angebot\/#breadcrumb","itemListElement":[{"@type":"ListItem","position":1,"name":"Startseite","item":"https:\/\/susanne-ruppert.de\/"},{"@type":"ListItem","position":2,"name":"Angebot"}]},{"@type":"WebSite","@id":"https:\/\/susanne-ruppert.de\/#website","url":"https:\/\/susanne-ruppert.de\/","name":"Dipl. Psychologin Ruppert","description":"Just another WordPress site","potentialAction":[{"@type":"SearchAction","target":{"@type":"EntryPoint","urlTemplate":"https:\/\/susanne-ruppert.de\/?s={search_term_string}"},"query-input":{"@type":"PropertyValueSpecification","valueRequired":true,"valueName":"search_term_string"}}],"inLanguage":"de"}]}},"_links":{"self":[{"href":"https:\/\/susanne-ruppert.de\/index.php\/wp-json\/wp\/v2\/pages\/747","targetHints":{"allow":["GET"]}}],"collection":[{"href":"https:\/\/susanne-ruppert.de\/index.php\/wp-json\/wp\/v2\/pages"}],"about":[{"href":"https:\/\/susanne-ruppert.de\/index.php\/wp-json\/wp\/v2\/types\/page"}],"author":[{"embeddable":true,"href":"https:\/\/susanne-ruppert.de\/index.php\/wp-json\/wp\/v2\/users\/1"}],"replies":[{"embeddable":true,"href":"https:\/\/susanne-ruppert.de\/index.php\/wp-json\/wp\/v2\/comments?post=747"}],"version-history":[{"count":35,"href":"https:\/\/susanne-ruppert.de\/index.php\/wp-json\/wp\/v2\/pages\/747\/revisions"}],"predecessor-version":[{"id":1244,"href":"https:\/\/susanne-ruppert.de\/index.php\/wp-json\/wp\/v2\/pages\/747\/revisions\/1244"}],"wp:attachment":[{"href":"https:\/\/susanne-ruppert.de\/index.php\/wp-json\/wp\/v2\/media?parent=747"}],"curies":[{"name":"wp","href":"https:\/\/api.w.org\/{rel}","templated":true}]}}