{"id":884,"date":"2022-07-06T11:02:11","date_gmt":"2022-07-06T11:02:11","guid":{"rendered":"https:\/\/eager-hugle.46-229-45-18.plesk.page\/?page_id=884"},"modified":"2026-03-03T13:10:53","modified_gmt":"2026-03-03T13:10:53","slug":"inga-lobmeyer-voelker","status":"publish","type":"page","link":"https:\/\/susanne-ruppert.de\/index.php\/team\/inga-lobmeyer-voelker\/","title":{"rendered":"Inga Lobmeyer-V\u00f6lker"},"content":{"rendered":"<div class=\"gb-container gb-container-cdbaec7c box-shadow hide-on-tablet hide-on-mobile\" id=\"desktop\"><div class=\"gb-inside-container\">\n<div class=\"gb-container gb-container-a78c53ce\"><div class=\"gb-inside-container\">\n<div class=\"gb-container gb-container-a681b2a3\"><div class=\"gb-inside-container\">\n<div class=\"gb-container gb-container-89bdd5d6\"><div class=\"gb-inside-container\">\n<div class=\"gb-container gb-container-a2f3cd4c\"><div class=\"gb-inside-container\">\n\n<div class=\"wp-block-columns is-layout-flex wp-container-core-columns-is-layout-9d6595d7 wp-block-columns-is-layout-flex\">\n<div class=\"wp-block-column is-layout-flow wp-block-column-is-layout-flow\" style=\"flex-basis:50%\"><div class=\"gb-container gb-container-41386e05\"><div class=\"gb-inside-container\">\n\n<p class=\"gb-headline gb-headline-c6b54889 gb-headline-text\"><strong><strong>\u00dcber mich<\/strong><\/strong>:<\/p>\n\n\n<div class=\"gb-container gb-container-abf5c900\"><div class=\"gb-inside-container\">\n\n<ul style=\"font-size:15px\" class=\"wp-block-list\">\n<li>angestellte Psychotherapeutin in der ambulanten Versorgung<\/li>\n\n\n\n<li>angestellte Psychotherapeutin in der Berolina Klinik L\u00f6hne\/Bad Oeynhausen<\/li>\n\n\n\n<li>Ausbildung und Approbation zur Psychologischen Psychotherapeutin mit dem Schwerpunkt Verhaltenstherapie (Ausbildungszentrum OWL, dgvt Bielefeld)<\/li>\n\n\n\n<li>Ausbildungsbegleitende T\u00e4tigkeiten in der station\u00e4ren, teilstation\u00e4ren und ambulanten psychiatrischen Versorgung (Gemeindepsychiatrisches Zentrum Detmold, LWL Klinikum G\u00fctersloh, Psychotherapeutische Ambulanz im Ausbildungszentrum OWL Bielefeld)<\/li>\n\n\n\n<li>Studium der Psychologie an der Universit\u00e4t Bielefeld mit dem Abschluss Master of Science<\/li>\n\n\n\n<li>Studienbegleitende T\u00e4tigkeiten an der Universit\u00e4t Bielefeld und im Rahmen der ambulanten Eingliederungshilfe psychisch erkrankter Erwachsener (Die Gille Bielefeld)<\/li>\n\n\n\n<li>Freiwilliges Soziales Jahr (psychiatrische Klinik am Schlossgarten D\u00fclmen)<\/li>\n<\/ul>\n\n<\/div><\/div>\n<\/div><\/div><\/div>\n\n\n\n<div class=\"wp-block-column is-vertically-aligned-center is-layout-flow wp-block-column-is-layout-flow\" style=\"flex-basis:66.66%\"><div class=\"gb-container gb-container-17a06efb\"><div class=\"gb-inside-container\">\n<div class=\"gb-container gb-container-a39b93ad\"><div class=\"gb-inside-container\">\n\n<div class=\"wp-block-columns is-layout-flex wp-container-core-columns-is-layout-9d6595d7 wp-block-columns-is-layout-flex\">\n<div class=\"wp-block-column is-layout-flow wp-block-column-is-layout-flow\" style=\"flex-basis:33.33%\"><div class=\"gb-container gb-container-e5680343\"><div class=\"gb-inside-container\">\n\n<figure class=\"wp-block-image size-full\"><img loading=\"lazy\" decoding=\"async\" width=\"625\" height=\"625\" src=\"https:\/\/susanne-ruppert.de\/wp-content\/uploads\/2022\/07\/sruppert_team-Inga_Lobmeyer.jpg\" alt=\"\" class=\"wp-image-784\" srcset=\"https:\/\/susanne-ruppert.de\/wp-content\/uploads\/2022\/07\/sruppert_team-Inga_Lobmeyer.jpg 625w, https:\/\/susanne-ruppert.de\/wp-content\/uploads\/2022\/07\/sruppert_team-Inga_Lobmeyer-300x300.jpg 300w, https:\/\/susanne-ruppert.de\/wp-content\/uploads\/2022\/07\/sruppert_team-Inga_Lobmeyer-150x150.jpg 150w\" sizes=\"auto, (max-width: 625px) 100vw, 625px\" \/><\/figure>\n\n<\/div><\/div><\/div>\n\n\n\n<div class=\"wp-block-column is-vertically-aligned-center is-layout-flow wp-block-column-is-layout-flow\" style=\"flex-basis:66.66%\"><div class=\"gb-container gb-container-2be60ce9\"><div class=\"gb-inside-container\">\n<div class=\"gb-container gb-container-20a5b449\"><div class=\"gb-inside-container\">\n\n<p class=\"gb-headline gb-headline-f47811fa gb-headline-text\"><strong><strong><strong><strong><strong>M.Sc. Psych.<\/strong><\/strong><\/strong><\/strong><\/strong><\/p>\n\n<\/div><\/div>\n\n<div class=\"gb-container gb-container-521beac7\"><div class=\"gb-inside-container\">\n\n<h3 class=\"gb-headline gb-headline-9ceee965 gb-headline-text\">Inga Lobmeyer-V\u00f6lker<\/h3>\n\n<\/div><\/div>\n\n<div class=\"gb-container gb-container-423f359c\"><div class=\"gb-inside-container\">\n\n<p class=\"gb-headline gb-headline-459c4b02 gb-headline-text\"><strong><strong><strong><strong>Psychologische Psychotherapeutin<\/strong><\/strong><\/strong><\/strong><br><em>(angestellt)<\/em><\/p>\n\n\n\n<p><\/p>\n\n<\/div><\/div>\n<\/div><\/div><\/div>\n<\/div>\n\n<\/div><\/div>\n<\/div><\/div><\/div>\n<\/div>\n\n<\/div><\/div>\n<\/div><\/div>\n<\/div><\/div>\n<\/div><\/div>\n<\/div><\/div>\n\n<div class=\"gb-container gb-container-f80aad29 box-shadow hide-on-desktop\" id=\"mobile\"><div class=\"gb-inside-container\">\n<div class=\"gb-container gb-container-9f515502\"><div class=\"gb-inside-container\">\n<div class=\"gb-container gb-container-2e237a72\"><div class=\"gb-inside-container\">\n<div class=\"gb-container gb-container-d0c495e7\"><div class=\"gb-inside-container\">\n<div class=\"gb-container gb-container-73977b93\"><div class=\"gb-inside-container\">\n\n<div class=\"wp-block-columns is-layout-flex wp-container-core-columns-is-layout-9d6595d7 wp-block-columns-is-layout-flex\">\n<div class=\"wp-block-column is-vertically-aligned-center is-layout-flow wp-block-column-is-layout-flow\" style=\"flex-basis:66.66%\"><div class=\"gb-container gb-container-9f1e3799\"><div class=\"gb-inside-container\">\n<div class=\"gb-container gb-container-0edb1050\"><div class=\"gb-inside-container\">\n\n<div class=\"wp-block-columns is-layout-flex wp-container-core-columns-is-layout-9d6595d7 wp-block-columns-is-layout-flex\">\n<div class=\"wp-block-column is-layout-flow wp-block-column-is-layout-flow\" style=\"flex-basis:33.33%\"><div class=\"gb-container gb-container-fdfd1424\"><div class=\"gb-inside-container\">\n\n<figure class=\"wp-block-image size-full\"><img loading=\"lazy\" decoding=\"async\" width=\"625\" height=\"625\" src=\"https:\/\/susanne-ruppert.de\/wp-content\/uploads\/2022\/07\/sruppert_team-Inga_Lobmeyer.jpg\" alt=\"\" class=\"wp-image-784\" srcset=\"https:\/\/susanne-ruppert.de\/wp-content\/uploads\/2022\/07\/sruppert_team-Inga_Lobmeyer.jpg 625w, https:\/\/susanne-ruppert.de\/wp-content\/uploads\/2022\/07\/sruppert_team-Inga_Lobmeyer-300x300.jpg 300w, https:\/\/susanne-ruppert.de\/wp-content\/uploads\/2022\/07\/sruppert_team-Inga_Lobmeyer-150x150.jpg 150w\" sizes=\"auto, (max-width: 625px) 100vw, 625px\" \/><\/figure>\n\n<\/div><\/div><\/div>\n\n\n\n<div class=\"wp-block-column is-vertically-aligned-center is-layout-flow wp-block-column-is-layout-flow\" style=\"flex-basis:66.66%\"><div class=\"gb-container gb-container-9ff65f20\"><div class=\"gb-inside-container\">\n<div class=\"gb-container gb-container-9d549bd6\"><div class=\"gb-inside-container\">\n\n<p class=\"gb-headline gb-headline-7cca5477 gb-headline-text\"><strong><strong><strong><strong><strong>M.Sc. Psych.<\/strong><\/strong><\/strong><\/strong><\/strong><\/p>\n\n<\/div><\/div>\n\n<div class=\"gb-container gb-container-1c2c52b8\"><div class=\"gb-inside-container\">\n\n<h3 class=\"gb-headline gb-headline-3806ca23 gb-headline-text\">Inga Lobmeyer-V\u00f6lker<\/h3>\n\n<\/div><\/div>\n\n<div class=\"gb-container gb-container-396530f4\"><div class=\"gb-inside-container\">\n\n<p class=\"gb-headline gb-headline-9ece884a gb-headline-text\"><strong><strong><strong><strong>Psychologische Psychotherapeutin<\/strong><\/strong><\/strong><\/strong><br><em>(angestellt)<\/em><\/p>\n\n<\/div><\/div>\n<\/div><\/div><\/div>\n<\/div>\n\n<\/div><\/div>\n<\/div><\/div><\/div>\n\n\n\n<div class=\"wp-block-column is-layout-flow wp-block-column-is-layout-flow\" style=\"flex-basis:50%\"><div class=\"gb-container gb-container-0832b999\"><div class=\"gb-inside-container\">\n\n<p class=\"gb-headline gb-headline-29b9a062 gb-headline-text\"><strong><strong>\u00dcber mich<\/strong><\/strong>:<\/p>\n\n\n<div class=\"gb-container gb-container-f47ee134\"><div class=\"gb-inside-container\">\n\n<ul style=\"font-size:15px\" class=\"wp-block-list\">\n<li> angestellte Psychotherapeutin in der ambulanten Versorgung<\/li>\n\n\n\n<li> angestellte Psychotherapeutin in der Berolina Klinik L\u00f6hne\/Bad Oeynhausen<\/li>\n\n\n\n<li> Ausbildung und Approbation zur Psychologischen Psychotherapeutin mit dem Schwerpunkt Verhaltenstherapie (Ausbildungszentrum OWL, dgvt Bielefeld)<\/li>\n\n\n\n<li>Ausbildungsbegleitende T\u00e4tigkeiten in der station\u00e4ren, teilstation\u00e4ren und ambulanten psychiatrischen Versorgung (Gemeindepsychiatrisches Zentrum Detmold, LWL Klinikum G\u00fctersloh, Psychotherapeutische Ambulanz im Ausbildungszentrum OWL Bielefeld)<\/li>\n\n\n\n<li>Studium der Psychologie an der Universit\u00e4t Bielefeld mit dem Abschluss Master of Science<\/li>\n\n\n\n<li>Studienbegleitende T\u00e4tigkeiten an der Universit\u00e4t Bielefeld und im Rahmen der ambulanten Eingliederungshilfe psychisch erkrankter Erwachsener (Die Gille Bielefeld)<\/li>\n\n\n\n<li>Freiwilliges Soziales Jahr (psychiatrische Klinik am Schlossgarten D\u00fclmen)<\/li>\n<\/ul>\n\n<\/div><\/div>\n<\/div><\/div><\/div>\n<\/div>\n\n<\/div><\/div>\n<\/div><\/div>\n<\/div><\/div>\n<\/div><\/div>\n<\/div><\/div>","protected":false},"excerpt":{"rendered":"<p>\u00dcber mich: M.Sc. Psych. Inga Lobmeyer-V\u00f6lker Psychologische Psychotherapeutin(angestellt) M.Sc. Psych. Inga Lobmeyer-V\u00f6lker Psychologische Psychotherapeutin(angestellt) \u00dcber mich:<\/p>\n","protected":false},"author":1,"featured_media":0,"parent":769,"menu_order":4,"comment_status":"closed","ping_status":"closed","template":"","meta":{"footnotes":""},"class_list":["post-884","page","type-page","status-publish"],"yoast_head":"<!-- This site is optimized with the Yoast SEO plugin v23.5 - https:\/\/yoast.com\/wordpress\/plugins\/seo\/ -->\n<title>Inga Lobmeyer-V\u00f6lker - Dipl. Psychologin Ruppert<\/title>\n<meta name=\"robots\" content=\"index, follow, max-snippet:-1, max-image-preview:large, max-video-preview:-1\" \/>\n<link rel=\"canonical\" href=\"https:\/\/susanne-ruppert.de\/index.php\/team\/inga-lobmeyer-voelker\/\" \/>\n<meta property=\"og:locale\" content=\"de_DE\" \/>\n<meta property=\"og:type\" content=\"article\" \/>\n<meta property=\"og:title\" content=\"Inga Lobmeyer-V\u00f6lker - Dipl. Psychologin Ruppert\" \/>\n<meta property=\"og:description\" content=\"\u00dcber mich: M.Sc. Psych. Inga Lobmeyer-V\u00f6lker Psychologische Psychotherapeutin(angestellt) M.Sc. Psych. Inga Lobmeyer-V\u00f6lker Psychologische Psychotherapeutin(angestellt) \u00dcber mich:\" \/>\n<meta property=\"og:url\" content=\"https:\/\/susanne-ruppert.de\/index.php\/team\/inga-lobmeyer-voelker\/\" \/>\n<meta property=\"og:site_name\" content=\"Dipl. Psychologin Ruppert\" \/>\n<meta property=\"article:modified_time\" content=\"2026-03-03T13:10:53+00:00\" \/>\n<meta property=\"og:image\" content=\"https:\/\/susanne-ruppert.de\/wp-content\/uploads\/2022\/07\/sruppert_team-Inga_Lobmeyer.jpg\" \/>\n<meta name=\"twitter:card\" content=\"summary_large_image\" \/>\n<meta name=\"twitter:label1\" content=\"Gesch\u00e4tzte Lesezeit\" \/>\n\t<meta name=\"twitter:data1\" content=\"2\u00a0Minuten\" \/>\n<script type=\"application\/ld+json\" class=\"yoast-schema-graph\">{\"@context\":\"https:\/\/schema.org\",\"@graph\":[{\"@type\":\"WebPage\",\"@id\":\"https:\/\/susanne-ruppert.de\/index.php\/team\/inga-lobmeyer-voelker\/\",\"url\":\"https:\/\/susanne-ruppert.de\/index.php\/team\/inga-lobmeyer-voelker\/\",\"name\":\"Inga Lobmeyer-V\u00f6lker - Dipl. Psychologin Ruppert\",\"isPartOf\":{\"@id\":\"https:\/\/susanne-ruppert.de\/#website\"},\"primaryImageOfPage\":{\"@id\":\"https:\/\/susanne-ruppert.de\/index.php\/team\/inga-lobmeyer-voelker\/#primaryimage\"},\"image\":{\"@id\":\"https:\/\/susanne-ruppert.de\/index.php\/team\/inga-lobmeyer-voelker\/#primaryimage\"},\"thumbnailUrl\":\"https:\/\/susanne-ruppert.de\/wp-content\/uploads\/2022\/07\/sruppert_team-Inga_Lobmeyer.jpg\",\"datePublished\":\"2022-07-06T11:02:11+00:00\",\"dateModified\":\"2026-03-03T13:10:53+00:00\",\"breadcrumb\":{\"@id\":\"https:\/\/susanne-ruppert.de\/index.php\/team\/inga-lobmeyer-voelker\/#breadcrumb\"},\"inLanguage\":\"de\",\"potentialAction\":[{\"@type\":\"ReadAction\",\"target\":[\"https:\/\/susanne-ruppert.de\/index.php\/team\/inga-lobmeyer-voelker\/\"]}]},{\"@type\":\"ImageObject\",\"inLanguage\":\"de\",\"@id\":\"https:\/\/susanne-ruppert.de\/index.php\/team\/inga-lobmeyer-voelker\/#primaryimage\",\"url\":\"https:\/\/susanne-ruppert.de\/wp-content\/uploads\/2022\/07\/sruppert_team-Inga_Lobmeyer.jpg\",\"contentUrl\":\"https:\/\/susanne-ruppert.de\/wp-content\/uploads\/2022\/07\/sruppert_team-Inga_Lobmeyer.jpg\",\"width\":625,\"height\":625},{\"@type\":\"BreadcrumbList\",\"@id\":\"https:\/\/susanne-ruppert.de\/index.php\/team\/inga-lobmeyer-voelker\/#breadcrumb\",\"itemListElement\":[{\"@type\":\"ListItem\",\"position\":1,\"name\":\"Startseite\",\"item\":\"https:\/\/susanne-ruppert.de\/\"},{\"@type\":\"ListItem\",\"position\":2,\"name\":\"Team\",\"item\":\"https:\/\/susanne-ruppert.de\/index.php\/team\/\"},{\"@type\":\"ListItem\",\"position\":3,\"name\":\"Inga Lobmeyer-V\u00f6lker\"}]},{\"@type\":\"WebSite\",\"@id\":\"https:\/\/susanne-ruppert.de\/#website\",\"url\":\"https:\/\/susanne-ruppert.de\/\",\"name\":\"Dipl. Psychologin Ruppert\",\"description\":\"Just another WordPress site\",\"potentialAction\":[{\"@type\":\"SearchAction\",\"target\":{\"@type\":\"EntryPoint\",\"urlTemplate\":\"https:\/\/susanne-ruppert.de\/?s={search_term_string}\"},\"query-input\":{\"@type\":\"PropertyValueSpecification\",\"valueRequired\":true,\"valueName\":\"search_term_string\"}}],\"inLanguage\":\"de\"}]}<\/script>\n<!-- \/ Yoast SEO plugin. -->","yoast_head_json":{"title":"Inga Lobmeyer-V\u00f6lker - Dipl. Psychologin Ruppert","robots":{"index":"index","follow":"follow","max-snippet":"max-snippet:-1","max-image-preview":"max-image-preview:large","max-video-preview":"max-video-preview:-1"},"canonical":"https:\/\/susanne-ruppert.de\/index.php\/team\/inga-lobmeyer-voelker\/","og_locale":"de_DE","og_type":"article","og_title":"Inga Lobmeyer-V\u00f6lker - Dipl. Psychologin Ruppert","og_description":"\u00dcber mich: M.Sc. Psych. Inga Lobmeyer-V\u00f6lker Psychologische Psychotherapeutin(angestellt) M.Sc. Psych. Inga Lobmeyer-V\u00f6lker Psychologische Psychotherapeutin(angestellt) \u00dcber mich:","og_url":"https:\/\/susanne-ruppert.de\/index.php\/team\/inga-lobmeyer-voelker\/","og_site_name":"Dipl. Psychologin Ruppert","article_modified_time":"2026-03-03T13:10:53+00:00","og_image":[{"url":"https:\/\/susanne-ruppert.de\/wp-content\/uploads\/2022\/07\/sruppert_team-Inga_Lobmeyer.jpg"}],"twitter_card":"summary_large_image","twitter_misc":{"Gesch\u00e4tzte Lesezeit":"2\u00a0Minuten"},"schema":{"@context":"https:\/\/schema.org","@graph":[{"@type":"WebPage","@id":"https:\/\/susanne-ruppert.de\/index.php\/team\/inga-lobmeyer-voelker\/","url":"https:\/\/susanne-ruppert.de\/index.php\/team\/inga-lobmeyer-voelker\/","name":"Inga Lobmeyer-V\u00f6lker - Dipl. Psychologin Ruppert","isPartOf":{"@id":"https:\/\/susanne-ruppert.de\/#website"},"primaryImageOfPage":{"@id":"https:\/\/susanne-ruppert.de\/index.php\/team\/inga-lobmeyer-voelker\/#primaryimage"},"image":{"@id":"https:\/\/susanne-ruppert.de\/index.php\/team\/inga-lobmeyer-voelker\/#primaryimage"},"thumbnailUrl":"https:\/\/susanne-ruppert.de\/wp-content\/uploads\/2022\/07\/sruppert_team-Inga_Lobmeyer.jpg","datePublished":"2022-07-06T11:02:11+00:00","dateModified":"2026-03-03T13:10:53+00:00","breadcrumb":{"@id":"https:\/\/susanne-ruppert.de\/index.php\/team\/inga-lobmeyer-voelker\/#breadcrumb"},"inLanguage":"de","potentialAction":[{"@type":"ReadAction","target":["https:\/\/susanne-ruppert.de\/index.php\/team\/inga-lobmeyer-voelker\/"]}]},{"@type":"ImageObject","inLanguage":"de","@id":"https:\/\/susanne-ruppert.de\/index.php\/team\/inga-lobmeyer-voelker\/#primaryimage","url":"https:\/\/susanne-ruppert.de\/wp-content\/uploads\/2022\/07\/sruppert_team-Inga_Lobmeyer.jpg","contentUrl":"https:\/\/susanne-ruppert.de\/wp-content\/uploads\/2022\/07\/sruppert_team-Inga_Lobmeyer.jpg","width":625,"height":625},{"@type":"BreadcrumbList","@id":"https:\/\/susanne-ruppert.de\/index.php\/team\/inga-lobmeyer-voelker\/#breadcrumb","itemListElement":[{"@type":"ListItem","position":1,"name":"Startseite","item":"https:\/\/susanne-ruppert.de\/"},{"@type":"ListItem","position":2,"name":"Team","item":"https:\/\/susanne-ruppert.de\/index.php\/team\/"},{"@type":"ListItem","position":3,"name":"Inga Lobmeyer-V\u00f6lker"}]},{"@type":"WebSite","@id":"https:\/\/susanne-ruppert.de\/#website","url":"https:\/\/susanne-ruppert.de\/","name":"Dipl. Psychologin Ruppert","description":"Just another WordPress site","potentialAction":[{"@type":"SearchAction","target":{"@type":"EntryPoint","urlTemplate":"https:\/\/susanne-ruppert.de\/?s={search_term_string}"},"query-input":{"@type":"PropertyValueSpecification","valueRequired":true,"valueName":"search_term_string"}}],"inLanguage":"de"}]}},"_links":{"self":[{"href":"https:\/\/susanne-ruppert.de\/index.php\/wp-json\/wp\/v2\/pages\/884","targetHints":{"allow":["GET"]}}],"collection":[{"href":"https:\/\/susanne-ruppert.de\/index.php\/wp-json\/wp\/v2\/pages"}],"about":[{"href":"https:\/\/susanne-ruppert.de\/index.php\/wp-json\/wp\/v2\/types\/page"}],"author":[{"embeddable":true,"href":"https:\/\/susanne-ruppert.de\/index.php\/wp-json\/wp\/v2\/users\/1"}],"replies":[{"embeddable":true,"href":"https:\/\/susanne-ruppert.de\/index.php\/wp-json\/wp\/v2\/comments?post=884"}],"version-history":[{"count":20,"href":"https:\/\/susanne-ruppert.de\/index.php\/wp-json\/wp\/v2\/pages\/884\/revisions"}],"predecessor-version":[{"id":1288,"href":"https:\/\/susanne-ruppert.de\/index.php\/wp-json\/wp\/v2\/pages\/884\/revisions\/1288"}],"up":[{"embeddable":true,"href":"https:\/\/susanne-ruppert.de\/index.php\/wp-json\/wp\/v2\/pages\/769"}],"wp:attachment":[{"href":"https:\/\/susanne-ruppert.de\/index.php\/wp-json\/wp\/v2\/media?parent=884"}],"curies":[{"name":"wp","href":"https:\/\/api.w.org\/{rel}","templated":true}]}}